12. What is the highest common divisor of u and r?
4
Suppose -2*z - 220 = -4*z. Suppose 1534*k = 1538*k - 264. Calculate the greatest common divisor of z and k.
22
Suppose -5*t + 360 = 3*t. Suppose 21*d - t = 165. Calculate the highest common factor of 190 and d.
10
Let o(l) = -4*l - 11. Let n be o(13). Let j = n - -75. Let f = j + 30. Calculate the highest common factor of 21 and f.
21
Let f = -258 + 262. Suppose -7*p + 4*p + 154 = 2*i, 0 = -f*i - 16. What is the greatest common divisor of 594 and p?
54
Let h(b) = 88*b + 147. Let o be h(7). Let j = o + -321. What is the greatest common divisor of j and 26?
26
Let n = 17 + 53. Suppose 59 = -5*t + 23*x - 63, 0 = -5*x + 2*x + 42. Calculate the highest common factor of n and t.
10
Let y be (2 - 6/4)/((-19)/76). Let x be (6/(4 - y))/1. What is the greatest common divisor of x and 19?
1
Suppose 87*g + 28 = 88*g + 4*l, 2*g - 105 = -l. Calculate the highest common factor of 12824 and g.
56
Let f = 738 - 465. Suppose 6*d - f + 225 = 0. Calculate the highest common divisor of d and 3.
1
Let z(j) = j**2 - 245*j - 30879. Let h be z(-94). Suppose -3*i = -4*g - 37, -4*i - 5*g - 6 = -2*i. Calculate the greatest common factor of h and i.
7
Suppose 0 = 2*m + 2*o - 258 - 28, 0 = -4*m - 5*o + 570. What is the highest common factor of 135 and m?
5
Suppose 0 = -44*m - 9*m + 6360. What is the greatest common divisor of m and 160?
40
Suppose 4536 = 4*h - 2*o, 94 = h + 4*o - 1058. Calculate the greatest common divisor of 355 and h.
71
Suppose 0 = n + 2*n + 4*j - 11, 3 = -3*j. Let t be (-2)/((10/151)/n). Let r = t - -415. Calculate the greatest common divisor of 24 and r.
24
Suppose -y = -22 + 17. Suppose 3 = y*v - 72. Suppose -2*d - 2*s + 397 = d, 4*s + 691 = 5*d. Calculate the greatest common factor of v and d.
15
Let g(u) = -450*u + 30741. Let h be g(68). Let d = 136 + 193. Calculate the greatest common factor of h and d.
47
Let l(p) = -14*p - 8. Let f be l(-4). Let i = 2068 - 1540. Calculate the highest common divisor of f and i.
48
Let z(v) = 2466*v + 14840. Let a be z(-6). Calculate the greatest common factor of a and 473.
11
Suppose 8*p + 65 - 3137 = 0. Let i = -377 + p. What is the greatest common divisor of i and 5?
1
Let o = -11 + 21. Let j(b) = 2*b**2 - 108*b + 1405. Let f be j(20). What is the highest common factor of f and o?
5
Let j = -860 + 1047. What is the greatest common factor of 153 and j?
17
Let q(r) = -r**3 - r - 1. Let k be q(2). Let z = 22 - k. Let m(o) = 30*o**3 - 5*o + 1. Let p be m(2). Calculate the greatest common divisor of z and p.
33
Suppose -159*j = -164*j + 40. Let w be 20 - ((-8)/6 + 8/(-3)). What is the greatest common factor of w and j?
8
Suppose -138869 + 135369 = -20*i. Calculate the greatest common factor of 22225 and i.
175
Let r(q) = 890*q + 6269. Let a be r(-7). Calculate the greatest common factor of 4771 and a.
13
Let l(u) = -26*u + 10. Let o be l(-5). Suppose 4*f - 3*b - 170 = 0, -4*f = -f + 4*b - o. Let x = 71 - f. Calculate the highest common divisor of 297 and x.
27
Let h = -64 + 71. Suppose -k + 3*p = -h - 41, -5*p + 160 = 5*k. Calculate the greatest common factor of 288 and k.
36
Suppose -146 = 2*j - 4*j. Let p(k) = -2*k**2 - 12*k - 24. Let r be p(-6). Let f = r + j. Calculate the greatest common factor of f and 14.
7
Let c(r) be the third derivative of 7/24*r**4 + 0*r - 14*r**2 - 5/6*r**3 + 0. Let d be c(8). What is the greatest common divisor of 34 and d?
17
Let m(f) = -f**3 + 8*f**2 - 15*f - 2. Let c be m(4). Suppose -25 = -c*y - t + 33, 146 = 5*y + 3*t. What is the greatest common divisor of 448 and y?
28
Let v be ((-1560)/(-220) - 7) + 133143/11. Calculate the greatest common factor of 136 and v.
136
Suppose -5*m + 11 + 5 = y, -2*m = y - 4. Suppose 5*s - 3 = m*s. Let d be (-22)/6 + s - 119/(-3). What is the greatest common divisor of d and 13?
13
Suppose 0 = 23*c + 5 - 51. Suppose c*g - 26*p - 2994 = -28*p, 2*g - 4*p - 2988 = 0. Calculate the greatest common factor of 68 and g.
68
Suppose -4*b + 2*b - 3 = 5*u, 5*b + 45 = -5*u. Let m be 2/b + (-846)/(-42). What is the greatest common divisor of 220 and m?
20
Let d(z) = -3*z + 375. Let b be d(10). Suppose -y = -q - b, 36*y + 347 = 37*y - 3*q. What is the greatest common factor of 8 and y?
8
Let o be (-142)/11*-2 + (-6)/(-33). Calculate the greatest common factor of 5889 and o.
13
Suppose 0 = -4*l + 114 - 102, -3*l = 2*k - 225. Calculate the greatest common factor of 48 and k.
12
Let c = -1575 + 1873. Calculate the highest common divisor of 12 and c.
2
Suppose 5*y - 3*d = 555, 4*y = 3*y - 3*d + 111. Suppose 3678 = 19*h + 163. What is the highest common factor of y and h?
37
Let k = -2395 + 2401. What is the highest common factor of k and 3246?
6
Let v = 15045 + -15025. Calculate the highest common divisor of v and 11380.
20
Let q be 34/(-6)*(-3)/(-1). Let v(t) = 5*t**2 + 21*t - 38. Let r be v(q). Calculate the highest common divisor of 42 and r.
42
Let h(m) = m - 4. Let o be h(2). Let n(c) = -628 + 19*c - 24*c + 633. Let t be n(o). What is the highest common divisor of 5 and t?
5
Let j be (9728/380)/(4/90). Suppose -2*r + r + 144 = s, 0 = -4*r + s + j. What is the greatest common divisor of 16 and r?
16
Suppose 0 = 31*x + 5906 + 4355. Let d = x + 375. Calculate the greatest common factor of 704 and d.
44
Suppose 0 - 402 = -f. Let m = 457 - f. What is the highest common factor of m and 11?
11
Suppose -39*m - 21170 = -112*m. Calculate the greatest common factor of 754 and m.
58
Let a = 39169 + -22746. What is the highest common divisor of 11 and a?
11
Let r = 233 - 243. Let d(p) = -p**2 - 6*p + 53. Let l be d(r). Calculate the highest common divisor of 3 and l.
1
Suppose 13*q - 9*q - 100 = 0. Suppose 13*i + q = 38. Let o = 0 + 4. Calculate the greatest common divisor of i and o.
1
Let h be 146 - ((-40)/(-140) + (-60)/14). Suppose -6*m + h = -312. Calculate the greatest common divisor of 22 and m.
11
Let p = -4237 + 4369. Calculate the greatest common factor of p and 2310.
66
Let f = -31667 + 31676. Suppose s - 2*v = 0, -2*s - 10 = -3*s - 3*v. Suppose s*a = a + 243. Calculate the greatest common divisor of a and f.
9
Suppose -5*f + 29 = 5*m - m, f = 5*m. Suppose -o + 195 = -3*t + 8*t, f*t - 735 = -4*o. Calculate the greatest common factor of o and 36.
36
Let m be (15 - -585)/25 + -22. Suppose 0 = -2*q + 5*x + 75, -2*q = -7*q + x + 245. Calculate the greatest common factor of q and m.
2
Suppose 0 = -3*x + x - 5*c + 205, 0 = -2*c + 6. Let s be ((-8)/16)/((-132)/(-99) + 310/(-228)). Calculate the highest common factor of x and s.
19
Let j = 30554 + 3286. What is the greatest common divisor of 240 and j?
240
Let n(u) = -6*u**2 + 648*u + 365. Let m be n(59). Calculate the highest common divisor of 89 and m.
89
Let q = 66 + -69. Let k be q - (190/(-3))/5*3. What is the highest common factor of 70 and k?
35
Let f(r) = -2*r + 38. Let o be f(14). Suppose -126 = o*w - 686. Calculate the highest common factor of 32 and w.
8
Let u be 93*(-1 - (0 - 2)). Let l = -62 + u. Suppose -3*n + l = -89. Calculate the greatest common divisor of n and 8.
8
Suppose 80*w - 3399 = -839. What is the greatest common divisor of w and 2224?
16
Let j be 3*2 + 82 + -71 + (-2194)/(-1). What is the highest common factor of 22 and j?
11
Suppose 7068 = 4*g + 2*x, -g - 5*x = -x - 1760. Calculate the highest common divisor of g and 312.
104
Let j be 5/((-26)/(-12) - 2). Let a = j - 16. Let g = 7771 - 7769. What is the greatest common divisor of a and g?
2
Let g = -38 - -58. Let r be (-2)/7 - (-216)/(-28). Let q(y) = -4*y - 2. Let z be q(r). Calculate the greatest common factor of z and g.
10
Let u be (-23 + (-80904)/(-48))*(-3 - -11). Calculate the highest common factor of 57 and u.
19
Let h be (-5643)/(-3591) - (-178)/7. Suppose -4*a = -2*g + 4*g - 82, 3*a = 3*g + 39. Calculate the greatest common divisor of h and a.
9
Let q be (26433/(-445))/(0 - 6/10). Calculate the highest common divisor of 3249 and q.
9
Let c = -112 - -61. Let w = -8 + 106. Let f = w + c. Calculate the highest common factor of f and 188.
47
Suppose -2*l - 3 = 2*l - 3*f, 5*l - 30 = -3*f. Suppose 0 = -l*x + 9*x. Suppose -5*q - 8 + 68 = x. Calculate the highest common factor of 132 and q.
12
Let l be 6 - (-5 - 24/3). Suppose -33 = c + 5*m - m, 0 = -3*c + 2*m - 29. Let p = c + l. Calcu